Let m be z(g). Suppose m*r = -1420 + 13565. Is r composite?
True
Suppose -5*z - 18041 = -3*d, 90*d + 4*z = 86*d + 24012. Is d composite?
False
Let w(p) = 25*p**2 + 11*p - 39. Let z = -376 + 387. Is w(z) a composite number?
True
Let u(j) = 139*j**2 - 54*j + 244. Let c = 234 - 229. Is u(c) a prime number?
True
Let z be 12/2 - (23 - 29). Suppose -2*p = 4*d - 30872, 11*p - 15432 = -2*d + z*p. Is d a composite number?
False
Let j(m) = m**2 + 43 - 81 + 40. Let s be j(-3). Suppose 4998 = s*g - 7135. Is g composite?
False
Let j(f) = -f**3 - 2*f**2 - 2*f - 4. Let r be j(0). Let q be (-1*2 - (-2576 + r)) + -3. Suppose 3*s + 5*v - q = 606, 3*v = -3*s + 3189. Is s composite?
True
Let g(z) = 880*z**2 - 2*z + 1. Let p(l) = 7*l - 21. Let u be p(3). Suppose u = -0*n + 10*n - 10. Is g(n) a prime number?
False
Let b be (-6*(-2)/24)/((-2)/46812). Let m = 19358 + b. Is m prime?
False
Let x = -2148 - -3680. Let w = x + 534. Suppose 3*i - 4*i = 3*s - w, 0 = 2*s + 10. Is i a composite number?
False
Let y(w) = -2248 + 21*w**2 + 8*w + 2231 - 3*w. Let o = -10 + 18. Is y(o) a prime number?
True
Suppose 11*p - 10181521 = -143*p + 35*p. Is p composite?
True
Let u be (0 - -16)/(6 - 4). Suppose -u*q - 21052 + 59300 = 0. Is q prime?
False
Let s be 1/(9/2117330) + 42/378. Suppose 4*l - 3*l - 78419 = 2*o, -s = -3*l + 4*o. Suppose -7*p - 10*p = -l. Is p prime?
False
Let b(k) be the first derivative of -k**3/3 + 5*k**2/2 + 12*k + 5. Let r be b(6). Let n(h) = 2*h**2 - 10*h + 11. Is n(r) a composite number?
False
Suppose -8427 - 9688 = -x. Suppose -3*b = 4*t - x, -5*b + 5*t + 43084 = 12904. Is b a prime number?
True
Let y(m) = -m**2 + 4*m + 6. Suppose -o + 9 + 12 = 5*v, 13 = v - 2*o. Let s be y(v). Is s/2 + 1322/4 prime?
True
Suppose -79*z + 153*z - 95*z + 16205259 = 0. Is z prime?
True
Suppose -2*f = -0*f - 2114. Suppose -u - 2*a - 2*a = -598, 0 = 5*u + 3*a - 2990. Let x = f + u. Is x prime?
False
Let x(o) = -2*o + 17. Let v be x(9). Let r = -1 - v. Suppose 7*g = -r*g + 1799. Is g a composite number?
False
Is (-15260007)/(-21) + 4 + -4 prime?
False
Let g(k) = 21*k**2 - 7*k + 10. Let d be g(-8). Suppose d + 747 = 3*u. Is u a composite number?
False
Let f be (12/(-7))/((-8)/28). Let d(p) = -f*p - 3*p - 113*p - 23. Is d(-13) prime?
False
Let r = -42935 + 75414. Is r a composite number?
False
Let b be (7 + -3 + -6)*4178. Let f = -3827 - b. Is f prime?
False
Let t = -6508 - -9265. Is t prime?
False
Let n(x) = -17*x**3 + 2*x**2 - 3*x. Let d be n(-3). Suppose -5*t = -8*t + 789. Let c = d - t. Is c a composite number?
False
Let b be ((-134)/(-8))/((-1)/(-12)). Let h be (1 + 6)/(65/65). Suppose -h*o + 44 = -b. Is o prime?
False
Is 32/(-80)*(1 - (-411174)/(-4)) composite?
False
Is 2 + 2445213/30 - (22/20 + -1) prime?
True
Suppose 138*y = 141*y + q - 230075, -y + 5*q + 76681 = 0. Is y a prime number?
False
Let a(p) = 80*p**2 - 65*p - 8. Let u be a(-5). Let o = 3440 - u. Is o a prime number?
True
Let d be (-4)/8*(10 + -6) + 96497. Suppose 29*q - d = 14*q. Is q a composite number?
True
Let a(g) = 34347*g + 4691. Is a(20) prime?
True
Let i(q) = 104*q**3 + 7*q**2 - 48*q - 113. Is i(12) prime?
False
Let y = -17 + 26. Suppose y*x - 9690 = 3*x. Let a = x + -514. Is a a prime number?
False
Let g(s) = 17*s + 49. Let u be g(-8). Let l = u - -95. Is l*(-3)/(-6) + 475 prime?
True
Suppose -g + 3*q + 2 = q, 0 = -5*q - 5. Suppose g = -b - 3*b. Suppose -499 = -2*d - 0*i - i, b = 4*i + 12. Is d a composite number?
False
Suppose 37*w - 85470 = 16*w. Let a = w - 1063. Is a prime?
False
Suppose -32 = -5*f + 28. Suppose -f*r + 8954 = -r. Suppose -r = 71*d - 73*d. Is d a composite number?
True
Let y be 2/(-15) - (2 + 1624/(-30)). Is 78/y*(1 + 14075/3) a composite number?
False
Is 96484 + -104 - (2 + 3 + -4) a prime number?
False
Let v(x) = 56*x**2 + 6*x - 7. Suppose -19 - 3 = -2*c. Suppose l = -6 + c. Is v(l) prime?
True
Suppose -4*j + j - 21 = 0. Let w(v) = -5170*v + 63. Is w(j) composite?
True
Let d(y) be the second derivative of 349*y**3/6 - y**2 - y. Suppose 41*j - 137*j = -96. Is d(j) a prime number?
True
Suppose -5*a = 3*p + 6023, -4*a + 0*a - 3*p - 4816 = 0. Suppose 3*z + 2241 = -123. Let y = z - a. Is y a prime number?
True
Let i(n) = -2*n**3 - 5*n**2 - 3*n + 4. Let g be i(-2). Suppose g*z - 3804 = -114. Suppose 3*x - z = -0*x. Is x a composite number?
True
Let q(x) = -2778*x - 307. Let n be q(-5). Let j = n - 8238. Is j composite?
True
Let g(p) = p**3 - p**2 + 55*p - 46*p - 8*p**2 - 9. Let u be g(8). Is (-4 - -1092 - 0) + u composite?
False
Suppose -s - 355 = -358. Suppose -2*b = s*i - 13895, -4*i = -b + 6*b - 18536. Is i composite?
True
Let i(j) = j**3 - 20*j**2 + 18*j - 9. Let v be i(19). Let h(d) = d**2 - 17*d - 1. Is h(v) prime?
True
Is 30/255 - (-5901255)/51 a composite number?
True
Let h be 5586/(-9)*21/2. Let g = h - -3102. Let b = -2328 - g. Is b composite?
False
Let y(j) = 16*j - 9. Let g be y(6). Suppose 0 = -88*o + g*o + 839. Is o a prime number?
True
Let q = -81873 + 186982. Is q a prime number?
False
Let n = 90 + 855. Suppose 5*u + 4*x = n, u + 0*x + x = 190. Is u prime?
False
Suppose 5858 = 7*v - 10508. Suppose -g = -3*l + 12 - v, -4*g - 4*l = -9352. Is g composite?
True
Suppose -3*h - 62 = -14. Let f = h - -20. Suppose 2*v - 17838 = -f*v. Is v a composite number?
True
Suppose 4*m = -4*m - 5*m + 1393951. Is m a prime number?
True
Let u = -55 + 51. Is ((-2)/u)/(27/18)*1227 prime?
True
Let o(t) = -t**2 + 10*t - 6. Let x be o(10). Let p be (-16536)/(-18) - x/(-9). Suppose a + 922 = 3*i - 448, -4*a = 2*i - p. Is i a composite number?
False
Suppose 6*v = 11*v - 3000. Let n = 307 + v. Is n a prime number?
True
Let n = 476902 - 166679. Is n a prime number?
True
Is (4 - 7)/(10/(-610910)) composite?
True
Let d(p) = -p - 11. Let h be d(-5). Let q(u) = u + 6. Let z be q(h). Suppose 20*o - 24*o + 6244 = z. Is o a prime number?
False
Suppose l - 15 = -21. Let o(k) = -28*k**3 - 3*k**2 - 10*k + 7. Is o(l) prime?
True
Let y(z) = -276*z**3 - 26*z**2 - 111*z - 1014. Is y(-11) prime?
True
Suppose -3*z - 45 - 3 = 0. Let w be (-5)/40 + (-1202)/z. Suppose -7*x + w = -4*x. Is x a composite number?
True
Suppose 0 = 2*k + 3*w + 27, 0 = k + w + 16 - 4. Let q be -1*(3274/(-6))/(k/27). Let u = q + 2356. Is u a composite number?
False
Let g = 928 + -142. Suppose -2*j - g = -2*u, -2*j - 1366 = -5*u + 599. Suppose -2*m + 548 + 213 = -t, -2*t + u = m. Is m a prime number?
True
Let d = 38 + -37. Suppose y + d - 2 = 0, -3116 = -3*j + y. Is j composite?
False
Let p(i) = 17*i**3 + 6*i**2 - 9*i + 4. Let t be p(-8). Let q = t + 11735. Is q composite?
False
Let o = 52513 - -169816. Is o prime?
True
Suppose -2*g + 93350 = 3*g. Suppose 2*w = 5*b + g, 0 = w + 4*w - 25. Is 4/(-16) + b/(-16) a prime number?
True
Suppose -3*q - 4*i + 6 = 0, 5*q + 3*i - 8 = q. Suppose -5*m + 14705 = 5*l - 59885, q*m + 4*l = 29826. Is m a prime number?
True
Let a(b) = b**2 - 4*b + 413. Let s(i) = i**3 - 12*i**2 + 7*i + 22. Let g be s(11). Let l be g/(-121) + 4/(-22). Is a(l) composite?
True
Suppose 0 = -0*x + 2*x - 3414. Let y be (-72)/(-6)*226/(-6). Let m = y + x. Is m a prime number?
False
Is (39874/(-13))/((-56)/364) a prime number?
True
Let l = 219039 - 77030. Is l a prime number?
False
Suppose u + 36 - 38 = 0. Suppose u*b - 7 = 7. Is 210 - ((-12)/21 + (-3)/b) a prime number?
True
Let k(m) = 4*m**2 - 63*m - 7. Let a be k(-10). Let f = a + -320. Is f prime?
False
Suppose 40 = -21*g - 44. Is (-32353)/((-1 - -5)/g) a prime number?
True
Let l(d) = -154*d**3 + 39*d**2 + 60*d - 214. Is l(-23) prime?
False
Let g(u) be the third derivative of u**6/120 - u**4/24 + 3943*u**3/6 - 2*u**2 - 21*u. Is g(0) composite?
False
Suppose -4600*m + 4611*m - 883993 = 0. Is m prime?
True
Is (4848831/(-351))/((-4 - -2)/6) a prime number?
True
Suppose 0 = 22*z + 11010 + 13256. Is z*(75/60)/((-2)/8) a prime number?
False
Suppose -17*k + 13*k - 1320 = 0. Let g = k - -913. Is g composite?
True
Suppose -2*t - 4*f + 448 = 0, 3*t + 11*f - 9*f - 692 = 0. Let m = t + 20. Is m composite?
True
Suppose -1328484 = 57*b - 1843606 - 2028047. Is b composite?
False
Is -3 - (-15)/10 - (-1 + (-291836)/8) a composite number?
False
Let x(q) = 214*q + 15. Let h(v) = -214*v - 15. Let y(u) = 5*h(u) + 6*x(u). Is y(2) a composite number?
False
Suppose 3046 = -2*i - 840. Let t = -550 - i. Is t p